What is r(v)?
-1
Let b be (((-4)/6)/2)/(-7 + 9 + -6). Let l(v) be the third derivative of 0*v - b*v**4 + 0*v**3 + 0 - 2*v**2. Calculate l(2).
-4
Let j(b) be the third derivative of -b**5/60 + 11*b**4/12 - b**3/3 - 1795*b**2. What is j(16)?
94
Let v = 1211 - 1708. Let k = -497 - v. Let p(z) = -z**3 + z + 9. What is p(k)?
9
Let n(r) be the first derivative of -3*r**2/2 + 34*r - 529. Calculate n(16).
-14
Let c(a) = -9*a**2 - 3*a - 18. Let v(r) = 6*r**2 + 3*r + 17. Let p(k) = 2*k**2 + k + 6. Let w(n) = 11*p(n) - 4*v(n). Let o(x) = -c(x) + 5*w(x). Give o(-4).
0
Let n(h) be the second derivative of -7*h**6/720 - h**5/120 + 2*h**4 + h**3/3 + 197*h. Let z(y) be the third derivative of n(y). Determine z(1).
-8
Let g(w) = 193 + 121*w + 143*w + 123*w - 367*w. Determine g(-10).
-7
Let a(g) = -22*g - 42. Let u = 13988 - 13990. What is a(u)?
2
Let c(w) = -3 - 11*w**2 + 20*w**2 - 4*w**2 + w**3 - 4*w**2 - 4*w. Calculate c(3).
21
Let w(r) = -47*r + 28*r + 23*r. Let u(d) = -2*d**2 + 21*d + 9. Let q be u(11). Calculate w(q).
-8
Let u(l) = l**2 - l + 2. Let q(b) = 8*b**2 - 5*b + 5. Let r(s) = -q(s) + 7*u(s). What is r(7)?
-54
Let v = -3550 - -3539. Let d(l) = -l**2 - 18*l - 56. Determine d(v).
21
Let g be (1/(-4))/((-8)/128). Let j(i) be the third derivative of i**6/120 - i**5/12 + i**4/8 + i**3/3 + 311*i**2 - 2*i. Determine j(g).
-2
Let z(p) = -921 - 925 - 922 + 2763 - 3*p. Let m = -3 - 2. What is z(m)?
10
Let a be 10 - -2 - 6 - -14. Let s be 20/40*a/(-1) - -5. Let p(l) = 7*l - 1. Calculate p(s).
-36
Let m(q) = -25*q**3 - 9*q**2 + 16*q + 12. Let i(s) = -54*s**3 - 18*s**2 + 33*s + 23. Let w(p) = 6*i(p) - 13*m(p). Calculate w(-10).
-18
Suppose 2*q + 42*r - 46*r - 28 = 0, -3*q = -5*r - 37. Let i(s) be the second derivative of s**4/12 - s**3/3 + 5*s**2/2 - 168*s. Calculate i(q).
13
Let c(m) = -30 + 133*m + 144*m + 126*m - 411*m - 4. Give c(-6).
14
Let g(z) = -3*z**2 + 12*z - 11. Suppose -5*m - 8 = -7*m. Let l(h) = -7*h + 0*h + h**2 + m + 3*h + 0*h. Let c(r) = 6*g(r) + 17*l(r). What is c(5)?
-3
Let j(n) = n**3 - 3*n**2 - 3*n + 5. Suppose 52 = -295*z + 308*z. Determine j(z).
9
Let l(a) be the third derivative of -2/3*a**3 + 2*a + a**2 + 0 + 1/24*a**4. Determine l(8).
4
Let y(g) = -294*g + 1179*g - 286*g - 44 - 295*g - 292*g. Determine y(5).
16
Let n(q) be the second derivative of 11*q**3/2 + 29*q**2 - 13651*q. Calculate n(-3).
-41
Let t(h) = 2*h**3 - 14*h**2 + 9*h - 5. Let k(j) = 232*j - 2083. Let l be k(9). Give t(l).
-60
Let c(z) = 3*z**3 - 2*z**2 - 5*z + 7. Let q be 15/9*-36*24/(-720). Calculate c(q).
13
Let c(l) be the first derivative of -l**4/4 - 7*l**3/3 - l**2 - 8*l + 1143. Determine c(-5).
-48
Let g(s) = -s**3 + 40*s**2 - 213*s + 67. Let m be g(6). Let h(p) = 8*p - 92. Determine h(m).
12
Let t(h) = 21 - 23 + 12 - 5*h. Let q be t(4). Let s(y) = 2*y + 13. Calculate s(q).
-7
Let h(t) be the second derivative of -t**5/20 + t**4 - 23*t**3/6 + 19*t**2/2 - 652*t. Determine h(10).
-11
Let p(s) = -s**2 + 6*s - 116. Let y be p(11). Let k = y - -164. Let x(c) = 2*c + 21. Give x(k).
7
Let f(g) = -715*g**2 - 1 + 2*g - 747*g**2 + 1459*g**2. What is f(-2)?
-17
Let z(t) = 2*t**2 + 23*t + 96. Let j(c) = -4*c**2 - 48*c - 184. Let n(k) = -3*j(k) - 5*z(k). What is n(-12)?
12
Let a(k) = 94*k - 13 + 45*k - 7*k**2 + 4*k**3 - 129*k - 3*k**3. Calculate a(6).
11
Let d(n) be the third derivative of n**5/60 - n**4/12 + 5*n**3/3 + 327*n**2. What is d(3)?
13
Suppose -52*m = 5*x - 56*m - 42, 2*x = 2*m + 18. Let q(d) = -d**3 + 5*d**2 - 7*d + 13. What is q(x)?
-65
Let a(n) = 10*n + 28. Let c(d) = -5*d - 15. Let w(l) = 5*a(l) + 9*c(l). Let b(u) = -u - 16. Let j be b(-12). Determine w(j).
-15
Suppose 17 = 10*x - 33. Let w be (-4)/(4 - 15/x). Let o(n) = 2*n**2 + 5*n - 4. Calculate o(w).
8
Suppose -5*t + 6*t - 7 = 2*h, 0 = -t - 5*h - 7. Let g(f) = 4*f**t - 200 - 3*f**3 + 198 - 3*f**2. What is g(4)?
14
Let y(a) = 4*a**3 + 5*a**2 - 18*a + 2. Let r(z) = 5*z**3 + 5*z**2 - 20*z + 2. Let w(b) = -3*r(b) + 4*y(b). What is w(-7)?
-12
Let u(a) = 46*a**3 - 12*a**2 + 6*a + 21. Let p(i) = -214*i**3 + 58*i**2 - 30*i - 104. Let j(r) = -3*p(r) - 14*u(r). Determine j(-4).
26
Let o(t) = 9*t**2 - 11*t - 2. Let f(m) = -13*m**2 + 16*m + 3. Let i(r) = 5*f(r) + 7*o(r). Suppose 0 = 12*h + 1746 - 1782. Calculate i(h).
-8
Let m(v) = v**2 - 4*v + 7. Let y(a) = -a**2 + 4*a + 45. Let i be y(9). Let o be 1 - (-1 + i)/(4/12). Suppose -o*g = -2*w - w + 35, -15 = 3*g. Give m(w).
12
Let w(n) = -6*n - 92. Let c be w(-16). Let i be c*(-1*4 - (-21)/6). Let h(b) = 2*b - 2. Give h(i).
-6
Let h(r) = -2*r**2 + 4*r. Let u = 61 - 61. Suppose -5*k = -5*d + 128 - 18, 2*k + d + 41 = u. Let y(j) = j**2 + 23*j + 45. Let i be y(k). What is h(i)?
-6
Let i(q) = -q**3 - 3*q**2 + 8*q + 13. Let g(t) = t**2 + t + 2. Let u(z) = 5*g(z) - i(z). What is u(-7)?
67
Let z(w) = w**2 - 12*w - 44. Suppose -5*b - 27 = 3*f, b - 2*f + 13 = -6*b. Give z(b).
1
Let y be 8/12*66/(-4). Let t(n) = -8*n + 0 - 14 - 3*n - 13 + n**3 + 29 + 10*n**2. What is t(y)?
2
Let p(q) = 3 - q**2 - 2 + 4 - 6*q. Let v be 3 + (-84)/(-2) + -2. Let x = -48 + v. What is p(x)?
10
Suppose 5*y + 5*k - 19 + 14 = 0, -2*y + 4 = 4*k. Suppose -3*r - 15 = -5*n, -4*r + 5*n - 10 - 5 = y. Let i(g) = -g**3 - 2*g**2 + g - 1. What is i(r)?
-1
Let k(p) be the second derivative of p**4/12 - 7*p**3/6 - 50*p**2 + 1013*p. Determine k(-7).
-2
Let h(z) = 8*z + 12. Suppose 358 - 220 = -46*c. What is h(c)?
-12
Let r be (-10)/(-140) + (-228)/56 + 16/2. Let j be (-1*(1 + -6))/1. Suppose 0 = -j*z + r - 34. Let i(o) = o**2 + 6*o. What is i(z)?
0
Let h(y) be the third derivative of -11*y**5/60 - y**4/24 + y**3/6 - 2*y**2. Let r(a) = 2*a**3 - 20*a**2 + 44*a - 95. Let p be r(8). Calculate h(p).
-11
Let r = 14381 + -14391. Let v(h) = h**2 + 7*h - 17. What is v(r)?
13
Let y(q) be the second derivative of -q**5/20 - 7*q**4/12 - 2*q**3 - 2*q**2 - 9*q. Suppose 45*o + 40 = -6 - 179. Determine y(o).
6
Let p(x) = 2*x**3 + x. Let f(m) = -m**2 + 13*m - 23. Let t be f(11). Let c be p(t). Let w(g) = -g**2 - 2*g + 1. Determine w(c).
-2
Let f(t) = 10*t + 285. Let k = -3865 - -3836. What is f(k)?
-5
Let r(w) = 2*w**2 + w - 2. Let g(f) = -3*f**2 + 3*f - 3. Let j(l) = l**2 - 35. Let y be j(-7). Let a be 0*2/(-4) - (y - 15). Let d be g(a). What is r(d)?
13
Let r(b) = -6*b + 64. Let s(m) = -6*m + 65. Let z(q) = -7*r(q) + 6*s(q). Calculate z(12).
14
Let a be (-10)/1 + (69 - 57). Let c(s) = -s - 11. What is c(a)?
-13
Let w(h) = 3*h**3 + 3*h**2 + 3*h - 3. Let q(f) = 3*f**3 + 2*f**2 + 4*f - 3. Let t(y) = -3*q(y) + 4*w(y). Calculate t(-2).
-3
Let f(k) = -20*k + 108. Suppose -2*l + 28 = 4*a, -33*a + 16 = -29*a - 4*l. Determine f(a).
-12
Suppose 4 + 3 = i. Let y(l) be the second derivative of -l**4/12 + 7*l**3/6 - 9*l**2/2 - 4599*l. Give y(i).
-9
Let c be (1/(-2))/(1/(-16)). Let b(o) = 0*o + o + c*o**2 + 0*o. Let s be (-35)/30 - (((-143)/39)/(-11) + (-1)/2). What is b(s)?
7
Let q be 6*6/(-180)*-25. Let w(i) = 0 - 5*i + i**2 - 3 + 0*i. Calculate w(q).
-3
Let x(f) = 2476*f - 2477*f - 827 + 826. Let t(q) = -3*q**2 + q - 1. Suppose 1 = -0*v + v. Let a be t(v). Determine x(a).
2
Let t(n) = -n**2 + 17*n + 6. Let z = -44 + 109. Suppose -l + 37 = 2*w + 2, -4*w + 3*l = -z. Determine t(w).
6
Let m(k) = -4*k - 1 - 2 - 3*k + 2. Suppose -2*z = -2*a, -5*z - 16 = -4*a - 15. Determine m(z).
6
Suppose 56 - 1 = 109*t - 163. Let g(q) = 2*q**3 - 7*q**2 + 2*q + 6. Determine g(t).
-2
Let j(f) = -f**2 - 10*f + 5. Let m be j(-9). Let d = m + -11. Let g(c) = 2*c**2 - d*c**2 - 51 + 57. Calculate g(5).
-19
Let u(f) = f**3 - 78*f**2 + 297*f - 70. Let p be u(74). Let t(y) be the second derivative of -1/2*y**2 + 0 - 12*y + 1/3*y**3 + 3/4*y**p. Determine t(1).
10
Let u(n) = -n - 12. Let r = 106 + -114. Let c = 5 + r. Let s be (-2 + -4 - c) + -10 - -3. What is u(s)?
-2
Let q(w) = 3*w**2 - 10*w - 2. Let k be -4*(((-2185)/(-10))/23 - 11). Calculate q(k).
46
Let c be (-3 + (-45)/(-10))*4. Let r(o) = 10*o**2 - o - 22. Let t be r(c). Let m(w) = -t + 332 - 5*w**2 - 7*w + w**3. What is m(6)?
-6
Let w(b) = b**2 + 4*b - 2. Let r be 1 + -1 + 168/7. Suppose -4*q = -q - r. Suppose 5*y + 15 = -5*a, -3*y + q = -4*a - 11. Calculate w(a).
-2
Let z(m) be the second derivative of -m**5/60 + 3*m**4/8 + m**3 + 36*m**2 + 16*m. Let n(b) be the first derivative of z(b). Calculate n(10).
-4
Supp